f 1321126?
2
What is the units digit of 1433520?
0
What is the ten thousands digit of 2446795?
4
What is the millions digit of 18955046?
8
What is the millions digit of 3163896?
3
What is the hundred thousands digit of 259984?
2
What is the ten millions digit of 11496187?
1
What is the ten thousands digit of 867701?
6
What is the hundred thousands digit of 422810?
4
What is the tens digit of 871681?
8
What is the thousands digit of 143812?
3
What is the hundred thousands digit of 1244745?
2
What is the units digit of 547349?
9
What is the ten thousands digit of 249940?
4
What is the units digit of 155181?
1
What is the tens digit of 6288345?
4
What is the hundred thousands digit of 141649?
1
What is the units digit of 2294287?
7
What is the thousands digit of 6830372?
0
What is the millions digit of 2570851?
2
What is the thousands digit of 415551?
5
What is the units digit of 1437865?
5
What is the tens digit of 82696?
9
What is the hundreds digit of 262640?
6
What is the millions digit of 3148488?
3
What is the hundreds digit of 432176?
1
What is the thousands digit of 3764591?
4
What is the hundred thousands digit of 377857?
3
What is the tens digit of 72513?
1
What is the ten thousands digit of 376783?
7
What is the tens digit of 480826?
2
What is the tens digit of 31658?
5
What is the thousands digit of 5635354?
5
What is the tens digit of 327296?
9
What is the ten thousands digit of 240318?
4
What is the hundreds digit of 829882?
8
What is the thousands digit of 5899837?
9
What is the tens digit of 196348?
4
What is the thousands digit of 104595?
4
What is the hundred thousands digit of 4595997?
5
What is the millions digit of 13592548?
3
What is the units digit of 7645804?
4
What is the hundreds digit of 357920?
9
What is the tens digit of 2842446?
4
What is the thousands digit of 17748509?
8
What is the ten thousands digit of 163766?
6
What is the units digit of 176293?
3
What is the hundred thousands digit of 9870021?
8
What is the hundreds digit of 22982568?
5
What is the ten thousands digit of 311562?
1
What is the units digit of 3437093?
3
What is the hundreds digit of 2352?
3
What is the units digit of 220430?
0
What is the hundreds digit of 4280959?
9
What is the tens digit of 72244?
4
What is the millions digit of 5807234?
5
What is the ten thousands digit of 575133?
7
What is the tens digit of 453270?
7
What is the tens digit of 50989?
8
What is the ten thousands digit of 7960613?
6
What is the hundred thousands digit of 695092?
6
What is the millions digit of 7464379?
7
What is the hundreds digit of 6243610?
6
What is the millions digit of 12354505?
2
What is the hundreds digit of 4343919?
9
What is the ten millions digit of 16007843?
1
What is the ten thousands digit of 1018033?
1
What is the hundreds digit of 468167?
1
What is the hundreds digit of 36288?
2
What is the hundred thousands digit of 9013438?
0
What is the ten thousands digit of 471057?
7
What is the hundreds digit of 2138572?
5
What is the thousands digit of 2871985?
1
What is the thousands digit of 607341?
7
What is the hundred thousands digit of 154754?
1
What is the thousands digit of 554692?
4
What is the tens digit of 15904732?
3
What is the millions digit of 12994651?
2
What is the millions digit of 1691746?
1
What is the units digit of 87777?
7
What is the ten thousands digit of 492195?
9
What is the millions digit of 5227402?
5
What is the tens digit of 183585?
8
What is the tens digit of 31527320?
2
What is the hundreds digit of 21974653?
6
What is the tens digit of 6729137?
3
What is the hundred thousands digit of 2187639?
1
What is the tens digit of 385643?
4
What is the ten thousands digit of 46136?
4
What is the hundreds digit of 763181?
1
What is the tens digit of 998964?
6
What is the thousands digit of 6402676?
2
What is the hundred thousands digit of 3722882?
7
What is the hundreds digit of 2502071?
0
What is the tens digit of 1604852?
5
What is the millions digit of 2218147?
2
What is the thousands digit of 262361?
2
What is the thousands digit of 3558744?
8
What is the hundred thousands digit of 1562830?
5
What is the units digit of 768890?
0
What is the millions digit of 4726988?
4
What is the millions digit of 10811588?
0
What is the millions digit of 1396101?
1
What is the units digit of 36363726?
6
What is the hundred thousands digit of 1078101?
0
What is the ten thousands digit of 672975?
7
What is the ten thousands digit of 202697?
0
What is the thousands digit of 32437596?
7
What is the millions digit of 2502744?
2
What is the tens digit of 105142?
4
What is the tens digit of 739014?
1
What is the ten thousands digit of 638933?
3
What is the tens digit of 11674947?
4
What is the tens digit of 8002957?
5
What is the units digit of 4354222?
2
What is the ten thousands digit of 2159579?
5
What is the hundreds digit of 931258?
2
What is the ten thousands digit of 3493740?
9
What is the units digit of 3678068?
8
What is the millions digit of 1857475?
1
What is the units digit of 30519?
9
What is the hundred thousands digit of 377049?
3
What is the hundred thousands digit of 3020965?
0
What is the tens digit of 93413?
1
What is the units digit of 383370?
0
What is the thousands digit of 675183?
5
What is the hundred thousands digit of 9823818?
8
What is the thousands digit of 288011?
8
What is the thousands digit of 329385?
9
What is the ten thousands digit of 6669993?
6
What is the hundreds digit of 716632?
6
What is the ten millions digit of 11446162?
1
What is the ten thousands digit of 5026568?
2
What is the tens digit of 5999079?
7
What is the ten thousands digit of 242560?
4
What is the thousands digit of 741272?
1
What is the tens digit of 50785?
8
What is the tens digit of 594?
9
What is the ten thousands digit of 2275908?
7
What is the ten thousands digit of 4032059?
3
What is the hundreds digit of 417185?
1
What is the units digit of 5843801?
1
What is the ten thousands digit of 11341092?
4
What is the hundred thousands digit of 3485564?
4
What is the ten thousands digit of 142935?
4
What is the tens digit of 319956?
5
What is the hundreds digit of 3263367?
3
What is the units digit of 4561316?
6
What is the ten thousands digit of 2848093?
4
What is the thousands digit of 1557761?
7
What is the thousands digit of 520376?
0
What is the thousands digit of 4363291?
3
What is the units digit of 170272?
2
What is the units digit of 2433277?
7
What is the units digit of 6792716?
6
What is the thousands digit of 10934065?
4
What is the hundreds digit of 934448?
4
What is the thousands digit of 392041?
2
What is the thousands digit of 1530189?
0
What is the hundred thousands digit of 16847447?
8
What is the millions digit of 4743204?
4
What is the hundred thousands digit of 19598451?
5
What is the hundred thousands digit of 898808?
8
What is the units digit of 1627333?
3
What is the hundreds digit of 34092?
0
What is the units digit of 130173?
3
What is the thousands digit of 97117?
7
What is the units digit of 11141601?
1
What is the hundred thousands digit of 741229?
7
What is the units digit of 203174?
4
What is the ten thousands digit of 121036?
2
What is the hundreds digit of 5562456?
4
What is the units digit of 67760?
0
What is the thousands digit of 899302?
9
What is the thousands digit of 3972040?
2
What is the hundred thousands digit of 1100552?
1
What is the tens digit of 153589?
8
What is the thousands digit of 950256?
0
What is the thousands digit of 7286931?
6
What is the ten thousands digit of 1219361?
1
What is the hundred thousands digit of 2099104?
0
What is the thousands digit of 1235344?
5
What is the hundred thousands digit of 443450?
4
What is the units digit of 112050?
0
What is the units digit of 1408396?
6
What is the hundred thousands digit of 1924510?
9
What is the units digit of 2639019?
9
What is the hundreds digit of 12560069?
0
What is the ten thousands digit of 274715?
7
What is the hundred thousands digit of 945862?
9
What is the hundreds digit of 32519477?
4
What is the units digit of 159011?
1
What is the thousands digit of 6651863?
1
What is the thousands digit of 3355510?
5
What is the hundreds digit of 1746198?
1
What is the tens digit of 1076177?
7
What is the thousands digit of 345124?
5
What is 